-r**3 - 9*r**2 - 6*r + 5. Let s(a) = 2*c(a) + 3*y(a). What is the remainder when 64 is divided by s(-8)?
9
Suppose 2*h = 4*r - 14, 3*h + 9 = -0*r + 3*r. What is the remainder when 62 is divided by r?
2
Suppose -6*c + 84 = 36. Calculate the remainder when 37 is divided by c.
5
Suppose 38*g = 45*g - 427. What is the remainder when 222 is divided by g?
39
Let f(k) = -k**3 - 5*k**2 - 3*k + 4. What is the remainder when 14 + -9 + (-98)/(-2) is divided by f(-5)?
16
What is the remainder when (-4)/3*(-10)/(100/105) is divided by ((-10)/2 + 2)*-1 + 0?
2
Let n(v) = 2*v**2 + v - 7. Let d be n(5). Suppose -4*s - 2*s + d = 0. Calculate the remainder when s is divided by 6.
2
Let j = 333 + -327. Calculate the remainder when j is divided by 4.
2
Suppose -752 = -s - 15*s. Calculate the remainder when 186 is divided by s.
45
Suppose -p = -2*z - 6*p + 361, -5*z = 5*p - 865. What is the remainder when z is divided by 58?
52
Suppose -7*b = -2*b. Suppose -4*i = 3*s - 47, b*i - 5 = -i. Calculate the remainder when 24 is divided by s.
6
Suppose 5*n - 26 - 309 = 0. Calculate the remainder when 129 is divided by n.
62
What is the remainder when 2/(2/175) + -9 is divided by 57?
52
What is the remainder when 1612 is divided by (-1500)/120*68/(-10)?
82
Let s = -134 + 209. What is the remainder when s is divided by (-53)/(-5) + (-6)/(-15)?
9
Let d be (1 + 33/(-15))*-60. Suppose 4*i = 2*j + d, -i + 2*j + 3*j + 27 = 0. Calculate the remainder when 49 is divided by i.
15
Suppose -3884*f - 30 = -3886*f. Let m(r) = -3*r. Let l be m(-2). What is the remainder when ((-118)/l)/((-3)/9) is divided by f?
14
Let j = 227 + -142. Let y = 109 - j. Calculate the remainder when 45 is divided by y.
21
Suppose d = -0*d + 30. Let l be ((-3)/2 + 1)*0/(-1). Suppose 12*z - 696 = -l*z. What is the remainder when z is divided by d?
28
Suppose -56*x + 58*x - 12 = 0. What is the remainder when (0 - 3) + 1 - -23 is divided by x?
3
Suppose 232 = -3*d + 2*d. What is the remainder when 4 + (d/2)/(-4) is divided by 12?
9
Let s(c) = c**3 + 3*c**2 - c - 4. Let u be s(-2). Suppose -5*t - b = 25, -3*t - 2*b - 15 = u*b. Calculate the remainder when 69 is divided by -3*(t/3 + -3).
13
Suppose -g = 2*r - 16 - 11, -g + 30 = 3*r. Calculate the remainder when g is divided by 9.
3
Suppose -5*q + 126 = -129. Suppose -4*v = -137 - q. Calculate the remainder when v is divided by (-18)/15*40/(-3).
15
Let b = 148 - 118. Calculate the remainder when b is divided by 5.
0
Let p = 54 - 34. Suppose -2*t = -d + 114, -2*d + 6 - 14 = 0. What is the remainder when t/(-3 + (2 - 0)) is divided by p?
19
Suppose 4*v + 4 + 4 = 0, -4*k - 302 = 3*v. Let y = -13 - k. Let l(n) = -4*n**3 - 4*n**2 - 4*n - 3. Calculate the remainder when y is divided by l(-2).
19
Let o be (16/6)/((-10)/15). Let v(l) = -13*l - 10. Let a(p) = 2*p - 3. What is the remainder when v(o) is divided by a(7)?
9
Suppose 4*g + 0*g = 148. Let u = 44 - g. What is the remainder when u is divided by 2?
1
Suppose -4*c = -2*c - 4. Suppose -5*z = -c*z + 258. Let w = -51 - z. What is the remainder when w is divided by 12?
11
Suppose 11 = p + 3. Let j(g) = -18*g - 47. Calculate the remainder when j(-4) is divided by p.
1
Let u(n) = -2*n + 69. What is the remainder when 200 is divided by u(9)?
47
Let f(i) = -16*i + 1. Let v = -1475 + 1523. Calculate the remainder when v is divided by f(-1).
14
Let w = -121 + 160. What is the remainder when 56 is divided by w?
17
Let v(o) = -o**2 - 4*o - 1. Let f be v(-3). Let q(p) = 2 + 4*p**2 - p - 2*p**2 - 3*p - p**f. Calculate the remainder when 25 is divided by q(6).
11
Let f = -20 - -178. Let c = 23 - 7. Calculate the remainder when f is divided by c.
14
Let n(f) = -28 + 4*f - 5*f - 5*f. Calculate the remainder when 77 is divided by n(-8).
17
Let o(i) = 19*i - 2. Suppose -3*h = -4*j + 13, h + 0 - 21 = -5*j. What is the remainder when (1/(-6)*2)/(1/(-87)) is divided by o(h)?
12
Suppose -2*u - 31 = -x, u + 4*u - 137 = -4*x. Suppose 61 + x = c. What is the remainder when c is divided by 32?
30
Let v be 3 + -9 + 3 - 68. Let w = -26 - v. Suppose r + 3*s = 28, 3*r + s - 56 = -s. What is the remainder when w is divided by r?
13
Let n be 818/8 + 2/(-8). What is the remainder when (n/4)/(21/70) is divided by 43?
42
Let y(k) = -4*k**2 + 6*k - 3. Let i be y(7). Let j = i + 245. Suppose 0 = 3*h + 2*x - j, x + 0*x + 82 = 3*h. Calculate the remainder when h is divided by 15.
13
Suppose 11*w + 14*w - 1250 = 0. Calculate the remainder when 169 is divided by w.
19
Let s(n) be the second derivative of 5*n**3 - n**2/2 - 2*n. Let c be s(1). Suppose 5 = 2*q - c. What is the remainder when q is divided by 7?
3
Let m(p) = -8*p + 2. What is the remainder when m(-10) is divided by 6?
4
Suppose -2*t - 3*l = 2*t - 498, -3*l + 6 = 0. Let r = t - 98. Calculate the remainder when r is divided by 4.
1
Suppose -4*z + 18*z - 485 = 117. Let a(x) = -x**3 + 4*x**2 + 2*x + 1. Calculate the remainder when z is divided by a(4).
7
Suppose -3*y = -816 + 183. Let w = 37 + y. Suppose 0 = s - 1, -m - 4*s + w = 3*m. Calculate the remainder when m is divided by 16.
13
Let m(f) = -10*f - 8. Let p be 135/(-30) + 3/2. Calculate the remainder when m(p) is divided by 4.
2
Suppose 4 = x, 4*x + 28 = 4*r + 3*x. What is the remainder when 11 is divided by r?
3
Let h(g) = -11*g + 15. Let x be (1*(-4 - -14))/(-1). Let w be h(x). Let n = w + -77. Calculate the remainder when n is divided by 17.
14
Suppose -3*z + 32 = 5*w - 80, -w + 63 = 2*z. What is the remainder when z is divided by 16?
13
Calculate the remainder when 63/15 + 1/(10/8) is divided by 1.
0
Suppose 2*r - 116 = 4*r. Let y = -43 - r. Calculate the remainder when 89 is divided by y.
14
Let m(n) = n**2 - 41*n - 27. What is the remainder when m(42) is divided by 7?
1
Calculate the remainder when 141 is divided by -9*(90/(-27))/2.
6
Suppose s - 52 = 19. Suppose s*g + 75 = 74*g. Calculate the remainder when 72 is divided by g.
22
Calculate the remainder when -12 - (-648)/56 - (-1627)/7 is divided by 24.
16
Let b be 104 + -1 - (1 - 3). Suppose 9*p = 4*p + b. Suppose 120 = 2*l - 2*a + 3*a, 5*l + 5*a = 290. Calculate the remainder when l is divided by p.
20
Let i(z) = -984*z**3 + 4*z**2 + 5*z + 2. What is the remainder when i(-1) is divided by 38?
35
Suppose 0 = -2*h + i + 4, 3*i + 20 = -2*h - 2*i. Suppose h = -7*z + 4*z + 24. Calculate the remainder when z is divided by 1.
0
Suppose 35 = 7*n - 2*n. Let z = -3 - -8. Suppose z*s - 17 = 43. What is the remainder when s is divided by n?
5
Let z(o) = 2*o**2 - 12*o - 64. Calculate the remainder when z(14) is divided by 82.
78
Let u(a) = a**2 - 5*a - 22. Let f(w) = w**2 - 6*w - 22. Let k(t) = 3*f(t) - 4*u(t). Calculate the remainder when k(0) is divided by 4.
2
Let q = 5 - -11. Let a = q + -13. Suppose 5*g = 2*i - 24, -6*g + a*g - 45 = -3*i. Calculate the remainder when i is divided by 9.
8
Suppose 0 = -4*j + z - 9, -2*j = -z - 2*z - 3. Let p = -20 - j. Let f = p - -92. Calculate the remainder when f is divided by 26.
23
Let p = 714 - -64. What is the remainder when p is divided by 71?
68
Suppose -r + 3 = 2*k, -3*r - 2*r + 71 = -4*k. Let t = r - -8. Let o = 0 + 5. Calculate the remainder when t is divided by o.
4
Calculate the remainder when 132/(-60)*-232 - (-2)/(-5) is divided by 57.
54
Suppose -4*u + 219 = 43. Suppose 0*f = 4*f - u. Suppose -96 = 7*w - f*w. What is the remainder when 69 is divided by w?
21
Let j = -1368 - -1378. Calculate the remainder when 47 is divided by j.
7
Suppose 5*x = 15*x - 300. What is the remainder when 268 is divided by x?
28
Suppose -4*c = -c - 93. Let b(m) = -m**2 - 301*m + 2483. Calculate the remainder when c is divided by b(8).
9
Let y be 8*2*5/(-20). What is the remainder when 15 - (3 + 4/y) is divided by 4?
1
Suppose 1758 = 4*t - 5*v, -3*t - 340 + 1662 = -2*v. Calculate the remainder when t is divided by 56.
50
Suppose 4*g + 12 = q, -5*q - 2*g - 14 + 74 = 0. What is the remainder when 18 is divided by q?
6
Let k = 68 - 13. Let g = k - 36. What is the remainder when 71 is divided by g?
14
Suppose 5*l - 28 = -0*m - m, 2*m + 3*l - 21 = 0. Suppose 5*w = 4*r - m*r - 39, -33 = -2*r + w. Calculate the remainder when 40 is divided by r.
12
Let f(o) = 28*o + 14. What is the remainder when f(1) is divided by (-4)/10 - (-228)/20?
9
Let k(l) = 2*l**2 - 2*l - 2. Let 